he remainder when 0/1 - t/2*-37 is divided by 25?
24
Suppose -32 = 2*t - 12. Calculate the remainder when (-624)/t + 4/(-10) is divided by 21.
20
Let i(b) = 4*b + 15. Calculate the remainder when 124 is divided by i(0).
4
Let g(v) = -v**3 - 21*v**2 - 98*v - 235. Let a(z) = -4*z. Calculate the remainder when g(-16) is divided by a(-2).
5
Let m = 11 + 6. Let x(f) = f**3 + 15*f**2 + 10*f + 10. Let o be x(-12). What is the remainder when 1/(-5) + o/10 is divided by m?
15
What is the remainder when 2/(-9) + 48359/333 is divided by 7?
5
Let b = 303 + -260. Calculate the remainder when b is divided by 9.
7
Let o(y) = -y**3 + 7*y**2 - y - 8. Let j be o(7). Let v = 9 + j. Let i(h) = -h**3 - 7*h**2 - 7*h + 4. What is the remainder when 18 is divided by i(v)?
8
Let q(m) = 3*m**2 - 14*m - 23. Let v(b) = -4*b**2 + 14*b + 23. Let d(k) = -5*q(k) - 4*v(k). What is the remainder when 28 is divided by d(-13)?
8
Let t be ((-3)/(-9))/((-1)/(-9)). Suppose t*c - 129 = 117. Let m(q) = -2*q**3 - q + 3. Calculate the remainder when c is divided by m(-2).
19
Let l be (14 - -2)/(3/108). Let v = l + -318. What is the remainder when v is divided by 52?
50
Let d(q) = q - 9. Suppose -3*v + v = 2*o - 18, -2*o + 3*v = -13. Let w be d(o). What is the remainder when 57 is divided by (0 - 1)*(-16 - w)?
12
Let s = 260 - 185. Calculate the remainder when s is divided by 27.
21
Suppose -t - 4 = -6, 0 = -4*n + 2*t + 4. Let x = 225 - 222. Suppose f + n*m = 6, 10 = -0*f + x*f - 2*m. Calculate the remainder when 7 is divided by f.
3
Let n(t) = t**3 - 11*t**2 - 24*t + 20. What is the remainder when n(13) is divided by 29?
17
Let q(w) = -2*w**3 + 33*w**2 - 10*w + 1. Let f = -28 - -53. Calculate the remainder when q(16) is divided by f.
22
Suppose -i - 4*p + 40 = 2*i, -54 = -3*i + 3*p. Let d = i + -20. Let b(v) = -20*v - 3. What is the remainder when b(d) is divided by 27?
23
Let o(j) = 27*j**2 + 2*j + 3. Calculate the remainder when 154 is divided by o(-1).
14
Suppose d = p + 39, 0*d - d + 4*p = -51. Calculate the remainder when 49 is divided by d.
14
Let q = -88 + 88. Calculate the remainder when 144 is divided by ((-1)/3)/((-2 + q)/294).
46
Let m(o) = -49*o - 152. What is the remainder when 747 is divided by m(-4)?
43
Let d(h) = 29*h + 5 - h**2 - 25*h + 5*h**2. Let g = 15 - 17. What is the remainder when 38 is divided by d(g)?
12
Suppose -5*y + 5*k + 214 = -y, 3*k + 50 = y. Let r(c) = c**3 + 6*c**2 - 3*c - 11. What is the remainder when y is divided by r(-5)?
27
Suppose 12 = -p + 7*p. Calculate the remainder when 30 - p*3/3 is divided by 6.
4
Let x = 6 + -3. Let o(s) = 5*s**3 - 10*s**2 + s**2 - s**3 + 10 - 3*s**x - 9*s. Calculate the remainder when o(10) is divided by 11.
9
Suppose 93*y - 67*y - 416 = 0. Calculate the remainder when 87 is divided by y.
7
Suppose b - 12 = 5*b, 0 = 2*t - 4*b - 152. What is the remainder when 138 is divided by t?
68
Suppose 0 = 5*h - 26 - 14. Let r(c) = c**2 - 6*c + 6. Let s be r(9). Let m = -20 + s. Calculate the remainder when m is divided by h.
5
Let k = -638 - -897. What is the remainder when k is divided by 65?
64
Let t = -39 - -91. Suppose -3*s = 4*k + 101, -2*s - 32 = 4*k + 42. Let d = s + t. Calculate the remainder when d is divided by 13.
12
Let m(w) = w**3 + 11*w**2 - 7*w - 46. What is the remainder when 63 is divided by m(-11)?
1
Let d = -27 + 60. What is the remainder when 57 is divided by 11/(d/(-60))*-1?
17
Suppose 10 = 3*f - x - 12, -2*f + 3 = -3*x. What is the remainder when 40 is divided by f?
4
Suppose 0 = -2*m + 4*t - t + 54, -3*t = -4*m + 102. Calculate the remainder when m is divided by 10.
4
Let o be (48/(-10))/(6/(-285)). Suppose -o = -0*r - 6*r. Let d = r - 1. What is the remainder when d is divided by 13?
11
Let n = -685 - -761. Calculate the remainder when n is divided by 76.
0
What is the remainder when (-4931)/(-10) - (-103)/(-1030) is divided by 9?
7
Let n(t) = t**2 + 4*t + 72. Calculate the remainder when n(-5) is divided by 66.
11
Suppose 2*p + 5*f - 20 = 0, -19*p + 2*f - 50 = -24*p. Let c = -111 - -178. What is the remainder when c is divided by p?
7
Let i(l) = l**3 - 8*l**2 + 10*l + 16. Let j be i(6). Suppose -j*v + 28 = 16. What is the remainder when 6 is divided by v?
0
Let g = -7 + 36. Calculate the remainder when 144 is divided by g.
28
Suppose -10*p = -17 - 93. What is the remainder when 71 is divided by p?
5
Calculate the remainder when 120/(-320) - (-2918)/16 is divided by 62.
58
Let f(n) = -32*n + 310. Calculate the remainder when f(0) is divided by 79.
73
Suppose 14*w - 2289 = -497. What is the remainder when w is divided by 26?
24
Let g(m) = 7*m - 5. Let c be g(-5). What is the remainder when 13 is divided by 30/c*-1*4?
1
Suppose 2*i = 4*o + 340, 0 = 2*o + o + 4*i + 244. Let x = 5 - o. Calculate the remainder when x is divided by 15.
14
Let o = 16 - 1. Suppose -369 - 495 = 9*f. Calculate the remainder when (f/(-54))/(-8) - 1066/(-18) is divided by o.
14
Suppose 16 = z - 12. Calculate the remainder when 83 is divided by z.
27
Let a(u) = -u**3 - 4*u**2 + 5*u + 8. Let h(s) = 10*s + 21 - 13*s**2 + 22*s**2 - 7*s**2. What is the remainder when a(-6) is divided by h(-4)?
11
Let o = 987 + -952. What is the remainder when o is divided by 2?
1
Let w(o) = -o - 13. Let q be w(-12). Let i = q + 105. Calculate the remainder when i is divided by 36.
32
Let l(s) = -5*s - 10. What is the remainder when l(-12) is divided by 30?
20
Suppose 0 = c - 4*i - 40 - 10, -3*c + 4*i + 142 = 0. Let t = 42 - 17. Calculate the remainder when c is divided by t.
21
Calculate the remainder when 31 is divided by 12/42 - ((-480)/35 - -3).
9
Let b be (1 + 3 + -5)*-17. Suppose 0*w - w + 42 = -4*r, -r = w - b. Calculate the remainder when 64 is divided by w.
20
Suppose -2*o + 9 = y, 4*o = 9*y - 5*y - 12. Calculate the remainder when 12 is divided by o.
0
What is the remainder when 269 is divided by (-534)/(-12) - 4/(-8)?
44
Let r = -2 - -58. Calculate the remainder when r is divided by 18.
2
Let l = 1166 + -1159. Calculate the remainder when 36 is divided by l.
1
Suppose 21*o - 437 = 2*o. What is the remainder when 177 is divided by o?
16
Let g(m) = 11*m + 18. Let z(o) = -9*o - 10. Calculate the remainder when z(-9) is divided by g(0).
17
Let i = -1187 - -1707. Suppose -7*k - 184 = -i. Suppose 3*s = 126 - k. Calculate the remainder when 101 is divided by s.
23
Let i = -114 - -134. Suppose -i*q = -27*q + 35. Calculate the remainder when 11 is divided by q.
1
Let t(f) be the second derivative of -f**3/2 - 15*f**2/2 - 2*f. What is the remainder when 51 is divided by t(-14)?
24
Suppose 2*w = -3*q - 10, -14 = 2*q + 5*w + 11. Suppose 0 = 4*c - 5*p - 45, q*p + 3*p = 3*c - 30. What is the remainder when 13 is divided by c?
3
Let x = -16 - -20. Suppose -x*l + 234 = 5*n, 4*n + l - 2*l = 204. Calculate the remainder when n is divided by 17.
16
Let g(l) = -l + 5. Let w = -281 - -293. Calculate the remainder when w is divided by g(0).
2
Suppose 5*x + 79 = l + 11, 4*l - x = 329. Let h = 26 + 3. Calculate the remainder when l is divided by h.
25
Let c(j) = j**2 - 11. Let d be c(-10). Suppose -404 = -7*v - d. Suppose -2*w + 7*w - v = 0. What is the remainder when 15 is divided by w?
6
Let h = 14 - 9. Suppose -3*p - o = -0*p - 9, -h*p - 5*o + 5 = 0. Suppose p*u - 5*v = 262, 311 = 5*u + v + v. What is the remainder when u is divided by 17?
12
What is the remainder when 42 is divided by -72*(-3)/(-9)*-1?
18
Let c = 15 - 12. Suppose 2*h + c*h = 35. Let u = 43 - h. What is the remainder when u is divided by 13?
10
Suppose 20*s - 18*s - 4 = 0, 0 = 5*u + 2*s - 189. Calculate the remainder when 71 is divided by u.
34
What is the remainder when 237 is divided by (-18)/63 + (-726)/(-42)?
16
Suppose -16*o - 15*o + 1333 = 0. What is the remainder when o is divided by 16?
11
Let q(b) = 17*b + 404. Calculate the remainder when 98 is divided by q(-23).
7
Suppose 3*w = 3*g - 6*g + 9, -2*w - g = -10. Suppose -4*y - 28 = -4*l, -2*y - 5 = -l + w. What is the remainder when 4 is divided by l?
0
Let y(w) = 2*w**2 - 4. Let o be 7/28 - (-1)/(-4). Suppose -b + u + 26 = 2*u, o = 2*b - 2*u - 44. Calculate the remainder when y(-5) is divided by b.
22
Let m(y) be the second derivative of -y**5/20 - y**4/4 + 4*y**3/3 + 14*y**2 + 33*y. What is the remainder when m(-5) is divided by 21 + 0 + 2